).
-3
Let b be (-3)/(-5)*-4*150/(-72). Let l(c) be the first derivative of c**4/4 - 2*c**3 + 5*c**2/2 - 6*c + 1. Give l(b).
-6
Let x(d) be the first derivative of -d**4/24 - d**3 + 2*d**2 - 1. Let i(y) be the second derivative of x(y). Determine i(0).
-6
Let d(y) = -y**2 - 7*y + 1. Suppose 3*n - 5*f - 8 = -13, -5*n - 27 = f. What is d(n)?
11
Let i(m) = -m**3 + m**2 - 3*m + 2. Suppose -4*c = 27*u - 29*u + 10, -3*u + 9 = -3*c. What is i(u)?
-1
Let s(v) = 3*v**2 - 6*v - 14. Let l(u) = -u**2 + 1. Let m(g) = -4*l(g) - s(g). Give m(-9).
37
Suppose 0*k - 150 = -15*k. Let s(t) = 14 + 3 - 3*t**2 - 10*t - t**3 - 9*t**2 - k. What is s(-11)?
-4
Let f(b) be the first derivative of -b**3/3 + 3*b**2 + 6*b + 1. Suppose w + 0*n + 14 = -5*n, 5*n + 2 = -3*w. Calculate f(w).
6
Suppose 12 = -641*s + 647*s. Let z(a) = -9*a**2 - 2*a + 2. What is z(s)?
-38
Let l(k) = -4*k - 5. Let x = -133 - -138. Calculate l(x).
-25
Let f(y) be the second derivative of -y**4/6 - 8*y**3/3 + y**2 - 120*y + 2. Determine f(-8).
2
Let h(b) = -b**3 + 3*b**2 + 7*b - 6. Let x(a) = -7*a + 9*a + 2 - 4. Let u be x(3). Give h(u).
6
Suppose j = -0*j + 2. Suppose -2*l - j*l + 4*f = -20, 4*f = -2*l - 14. Let b(d) = 2 - 3*d + l - 38*d**2 + 37*d**2. Determine b(-3).
3
Suppose -7*a - 38 = -10. Let j(u) = -2*u**2 - 4*u - 2. Give j(a).
-18
Let d(g) = 5*g + 29. Let t(p) = 9*p + 53. Let v(f) = -7*d(f) + 4*t(f). What is v(-6)?
3
Let x(k) be the third derivative of -7*k**4/4 - k**3/6 + 161*k**2. Calculate x(-1).
41
Let t(z) = 13*z**2 + 11*z - 26. Let q(f) = -3*f**2 - 2*f + 6. Let w(x) = -9*q(x) - 2*t(x). Calculate w(2).
-6
Let j(b) be the second derivative of -b**5/20 - 2*b**4/3 - 13*b**3/6 - 4*b**2 + 3*b. Let c be j(-7). Let w = c + -31. Let x(d) = 4*d + 4. Calculate x(w).
16
Let k be -7*2/(-8) - 10/(-40). Let t(s) = -9 - 3*s**2 + 5*s**k + 3*s + s**3 - 8*s**2. What is t(6)?
9
Let w(q) = 19*q + 3. Let k(v) = 7*v + 2. Let m(g) = 11*k(g) - 4*w(g). Give m(-4).
6
Let g(h) = 5*h**2 - 10*h - 29. Suppose 5*r + 10 = 50. Let z = -168 + 165. Let d(s) = 2*s**2 - 3*s - 10. Let f(l) = r*d(l) + z*g(l). Calculate f(-5).
2
Let f be 2/(-4) + 62/(-4). Let q = f + 21. Let k = q + -9. Let h(a) = -2*a + 2. Give h(k).
10
Let h(n) = 2*n**2 + 1 - n**2 + 0*n**2 - 9*n**2. Let r(i) = 28*i - 57. Let a be r(2). Calculate h(a).
-7
Let d be (-2 + 3)/((-17)/(-119)). Let t(q) = -q**2 + 7*q - 3. Give t(d).
-3
Let n be (8/12)/(10/15). Let b(y) = 2*y - 2*y + 5*y**2 - y. Calculate b(n).
4
Suppose 0*v - 4*v - 15 = x, v = -5*x + 1. Let d(s) be the third derivative of s**6/120 + s**5/15 - s**4/6 - s**3/3 + 6*s**2 - 3. Calculate d(v).
14
Let v = 36 - 34. Suppose v*q = q - 1. Let c(n) = 3*n**3 - 2*n - 1. What is c(q)?
-2
Let c(f) = 3*f**2 + 4*f. Let t(y) = 4*y**2 + 5*y - 1. Let a(s) = -5*c(s) + 4*t(s). Let w be a(2). Let b(r) = r - 10. Give b(w).
-10
Let r(s) = 2*s**2 + 10*s - 14. Let p(y) = -7*y**2 + 16*y + 16*y**2 - 13 - 8*y**2 - 6*y. Let c(x) = 3*p(x) - 2*r(x). What is c(8)?
5
Let a = -4 - 2. Let v(l) = 2*l**3 - 5*l**2 + 3*l - 1. Let q(s) = -5*s**3 + 15*s**2 - 10*s + 4. Let o(b) = -3*q(b) - 8*v(b). What is o(a)?
-4
Let b(l) be the first derivative of -3*l**2 + 3*l + 110. Calculate b(4).
-21
Let v(t) = 5*t - 4. Let f be v(3). Suppose -3*i = m + m + f, i + 3 = -m. Suppose -5*z = -d + m - 23, 5*d + 42 = 4*z. Let r(l) = l + 8. Determine r(d).
2
Let b(d) = d + 14. Suppose 3*a = -i + a - 9, -4*i - 48 = 2*a. Give b(i).
1
Let q(o) = -o + 34 - 8*o - 3*o**2 + 4*o**2 + 25*o - 4*o. Give q(-8).
2
Let r(l) = l**3 - 10*l**2 - 9*l - 21. Let q be r(11). Let o be (1/q - 1) + 3. Suppose 16 = -o*s - 5. Let g(h) = h**3 + 8*h**2 + 8*h - 1. Give g(s).
-8
Let l(k) = -k**2 - 4*k - 2. Let x(g) = -3*g + 46. Let i = 99 + -82. Let m be x(i). Determine l(m).
-7
Let j(h) = -h**3 - 14*h**2 - h - 7. Suppose -479 - 543 = 73*t. Determine j(t).
7
Suppose -38*i - 42 = -24*i. Let m(j) = -j**2 - 6*j - 6. Give m(i).
3
Let r(o) = -o + 6. Let q be (-12)/(-20) + (-42)/70. Give r(q).
6
Let s(h) be the first derivative of -h**3/3 - 4*h**2 - 4*h + 6. Suppose 0 = 4*j + 2*c + 10, c + 0*c + 20 = -5*j. Calculate s(j).
11
Suppose 3*v + 2*p + 3*p - 46 = 0, 4*v = -2*p + 38. Let z = v - 3. Suppose z*g = -3*o + 9, 3*g - 2*o = -g + 34. Let i(d) = -d + 4. Determine i(g).
-2
Let k be 1/(3/(-6)*-2). Suppose b - 3 = -k. Suppose -b*u + 2*a + 3*a - 10 = 0, -3*a = -12. Let l(y) = -y**2 + 4*y + 7. What is l(u)?
2
Let q(j) be the second derivative of j**4/6 + j**3/6 + j**2/2 + j + 76. Calculate q(4).
37
Let w(m) = -3*m - 2. Suppose 3*k - 2 = 4. Let i be k/5 - 2/5. Suppose -5*z - 5*j - 40 = i, 3*j + j = -z - 23. Calculate w(z).
7
Let h(g) = -4. Let b(j) = -5. Let m(v) = 3*b(v) - 4*h(v). Let p(s) = -s + 6. Let r(q) = 5*m(q) - p(q). Calculate r(-1).
-2
Let r(v) = 11 + 5*v - 4*v + 0*v. Let k(s) = -s**3 - 2*s**2 + 31*s - 55. Let g be k(3). What is r(g)?
4
Let k(a) be the first derivative of a**2 - a + 241. Give k(-2).
-5
Let m be (-4)/(-14) + 174/(-21) + 5. Let x(z) = z**2 + z + 2. Give x(m).
8
Let m(g) = -4*g**2 - g + 5*g**2 - 5*g. Let u be -2 + (108/(-3))/3. Let w = u + 21. Give m(w).
7
Let m(o) be the third derivative of o**4/6 - o**3/3 + 72*o**2. Calculate m(-2).
-10
Let f(r) be the second derivative of 1/6*r**3 + 3/2*r**2 - 1/4*r**4 + 1/20*r**5 + 0 - 4*r. Calculate f(3).
6
Let v be (-40)/25*15/6. Let m(p) = p**3 + 8*p**2 + 2*p - 3. Let r(u) = u**3 + 9*u**2 + u - 4. Let q(k) = v*m(k) + 3*r(k). Calculate q(-4).
4
Let h(n) = -2 + 1 - n + 3 + 0. Let b = -88 + 92. Calculate h(b).
-2
Suppose -591 = -8*k + 49. Let d = k + -70. Let m(x) = x**2 - 12*x + 7. What is m(d)?
-13
Let x = -763 + 765. Let y(m) be the first derivative of 1 - m**x + 0*m - 1/2*m**4 + m**3. Determine y(2).
-8
Suppose 2*m = -3*q + 18, -m + 4*q - 2*q = 5. Suppose 12 = m*v, 5*t - v = 9 + 12. Suppose -17 + 7 = t*w. Let s(d) = d**3 + d**2 - 3*d - 1. Give s(w).
1
Let u(o) = -o + 4. Let a be u(4). Suppose -2*t + 24 = -4*n - a*t, 39 = -5*n - 2*t. Let h(x) = -x**3 - 6*x**2 + 6*x - 2. Give h(n).
5
Let c(g) = -3*g**2 - 14*g + 11. Let b be c(-5). Let q(f) = -2*f - 1. Let u(s) = -2*s. Let i(y) = -2*q(y) + 3*u(y). Calculate i(b).
-10
Let x(i) be the third derivative of i**6/120 - i**5/15 - i**4/6 - i**3/6 - 362*i**2. Give x(5).
4
Let w(x) = -8*x + 2. Let i(c) be the second derivative of -5*c**3/2 + 2*c**2 + 7*c. Let y(u) = -6*i(u) + 11*w(u). Let r = 1 - 4. Calculate y(r).
-8
Let f = 1085 - 1078. Let s(n) = -5*n + 13. Give s(f).
-22
Let p(j) be the second derivative of -j**4/12 + 5*j**3/6 + 3*j**2 - j. Let z be ((-4)/(-8))/(5/190). Suppose -z*v + 17*v + 12 = 0. Determine p(v).
0
Let d be 44/33*(-6)/(-8). Let h(f) = 8*f**2 - 2*f + 1. Give h(d).
7
Let k(c) = 4*c + 18. Let o be k(-5). Let z(s) = s**2 + 2*s + 2. Calculate z(o).
2
Let z = -11 + 8. Let a(s) = -s**2 + 7*s + 2. Let p be a(7). Let y(g) = -g**2 - 36 - 3*g**p + 34 - g**3 - g. Determine y(z).
-8
Let f(b) = -6*b + 19. Let g(o) = o - 4. Let q(l) = f(l) + 3*g(l). Calculate q(4).
-5
Let n be 1640/(-123) + (-5)/3. Let l(t) = t**2 + 14*t - 15. Give l(n).
0
Let u(x) = x**3 - 7*x**2 + 6*x + 5. Let g(i) be the second derivative of -i**3/6 - i**2 - 2*i. Let a be g(-1). Let s be -10*(-3)/6 - a. What is u(s)?
5
Let g(b) = 3*b**2 + 23*b - 2. Let m(h) = -h**2 - 8*h. Let p(c) = -3*g(c) - 8*m(c). Calculate p(-5).
6
Let n(d) be the second derivative of d**4/12 - 7*d**3/6 + 3*d**2 + 3*d. Let t = 7 + -9. Let s be 8/3*(-3)/t. Determine n(s).
-6
Let p(l) be the first derivative of l**3/3 - 9*l**2 + 3*l + 166. Determine p(18).
3
Let i(j) = -j**3 - 6*j**2 + 3*j. Let p(h) = h**3 + 7*h**2 - 4*h. Let c = 85 + -81. Let f(z) = c*p(z) + 5*i(z). Give f(-1).
0
Let f(h) be the second derivative of h**4/6 - h**3/6 - 3*h**2/2 - 2*h + 32. Determine f(-2).
7
Let n(f) = 4*f**3 - 6*f**2 + 3*f + 9. Let j(v) be the first derivative of 7*v**4/4 - 4*v**3 + 3*v**2 + 17*v + 42. Let y(x) = 3*j(x) - 5*n(x). Calculate y(5).
-4
Let c be (-3)/12 + 206/(-8). Let v = c - -28. Suppose v = -x - s - 0*s, -4*s + 55 = -5*x. Let u(y) = -y**3 - 6*y**2 + 7*y - 8. Calculate u(x).
-8
Suppose 39 = 19*y + 58. Let s(m) = 9*m - 1. What is s(y)?
-10
Suppose 6 = 2*y - 3*h - 4, 4*y + 3*h = 2. Let b(r) = -64*r**3 + 2 + 66*r**3 + 2*r - 5*r**y - 3. What is b(3)?
14
Let l(c) = 350*c - 5*c**2 - 176*c - 174*c. Determine l(-1).
-5
Let n(j) be the first derivative of -2 + 1/